o + 4, u - w*o - 799 = 0. Is u a prime number?
True
Let o be 1*10 + 360/(-72). Suppose 4*h = -o - 11, 6710 = 2*z + 2*h. Is z composite?
False
Is (-1033278)/(-12) - (-234)/52 prime?
True
Let s(z) = -z + 5. Let g(m) = 5*m**2 - 3*m - 12. Let r(w) = g(w) - 3*s(w). Is r(-8) composite?
False
Let k = 18704 - 1446. Suppose -4*u - 5*n + 17250 = 0, 0*u - 4*u = n - k. Is u composite?
True
Let g = 130 + -116. Suppose -u - g = 6*u. Is 1686/54 - u*3/(-27) composite?
False
Let w(j) = 7*j**2 - 21*j + 56. Let n be w(15). Let c = n - -527. Is c prime?
False
Suppose 4*w - 2*t - 1980 = -5*t, 2486 = 5*w + t. Suppose 25*y + w - 18973 = 0. Is y a prime number?
True
Let s(o) = o**3 - 16*o**2 + 12*o + 15. Let r be s(15). Let f = -12 - r. Is ((-30)/f)/(1/(-93)) prime?
False
Let u = 206 + -134. Let o be (-12)/u + (-2155)/(-6). Suppose o + 319 = 6*y. Is y composite?
False
Suppose -20772*j = -20734*j - 5669486. Is j prime?
True
Let x(v) = -2296*v + 38. Let s be x(-9). Suppose -b - 4*b = -10, 5*b = -4*o + s. Is o composite?
True
Is ((-1509)/12 + 1)/(-1*3/1788) a composite number?
True
Let c(g) = g**3 + 14*g**2 - 12*g + 9. Let z be c(-12). Suppose 3*k = -4*x + z, 0*k - k = -3*x + 321. Let j = 266 - x. Is j a composite number?
True
Suppose 0 = -4*c - 2*a - 16, -3*c + a = -c. Let w(i) = -i**3 + 2*i. Let x be w(c). Is (17*2/x)/(3/474) a composite number?
True
Let o(q) = 319*q - 78. Let x be o(21). Suppose -s = -4*u - 3109, -5*s + 8924 = 3*u - x. Is s a prime number?
True
Suppose -40531 = -4*k + i, -69*k + 20264 = -67*k - 2*i. Is k a composite number?
False
Suppose -197510 = -5*j + 3*p, 417*j = 420*j + 5*p - 118472. Is j a composite number?
False
Let g(u) = -u**3 + 5*u**2 + 417*u + 5. Is g(-42) prime?
False
Suppose 73 + 87 = 4*q. Let y be q/5 - (2 + 2). Suppose 4*x + 224 = y*z, -z + 3*z - 91 = -5*x. Is z a composite number?
False
Is 423109/3 + 896/192 prime?
True
Let l be ((-4)/(-6))/((-581)/579 + 1). Let h = l + 582. Is h a composite number?
False
Let x be (-11)/(77/(-56)) - 1. Suppose 2*t = -3 + x, v - 491 = -t. Is v a prime number?
False
Let w(a) = 2*a**2 - 22*a - 23. Let d be w(12). Is 2/(-2)*-2 - (-2436 + d) a prime number?
True
Suppose 41*l + 38*l = 23*l + 10932712. Is l composite?
True
Let g(t) = -t**3 - 7*t**2 - 11*t - 24. Let c be g(-6). Let s(a) = 199*a**2 - c - 6 + 15. Is s(2) prime?
False
Suppose 0 = -0*q + 3*q - 99. Let y(g) = g**3 - 4*g**2 - 7*g - 2. Let m be y(6). Suppose -q*a + m*a = -1535. Is a prime?
True
Let w = 32994 + -14411. Is w a composite number?
False
Let r(o) = 122*o**2 + 1. Suppose -418 = 8*d - 82. Let w = d + 40. Is r(w) prime?
False
Let u = 533 + -507. Suppose -5*l - 90069 = -u*l. Is l composite?
False
Suppose 16*l - 125087 = 125489. Is l a composite number?
False
Suppose 8*q + 9430 = 54*q. Suppose -3*k + 194 + 231 = -5*z, 3*z - 2*k + 256 = 0. Let y = q + z. Is y a prime number?
False
Let u = 3589 - 318. Is u a composite number?
False
Suppose 5*v - 10*v + 3*h = -26, 5*v - h - 22 = 0. Suppose -8*z + 10*z = 4*m - 5602, 0 = v*m - z - 5599. Is m composite?
False
Let h = 710027 - 272066. Is h prime?
False
Suppose 2*s = -5*x - 16, 4*s + 3*x - x = 0. Is (1774*(-4)/(-4))/s a prime number?
True
Suppose 15*d + 727722 = 61*d - 490036. Is d a prime number?
False
Let v = -53958 + 92257. Is v a composite number?
False
Suppose 2*f = 11*f + 94464. Let j = f + 22783. Is j prime?
False
Let o(p) = -2. Let u(a) = -12*a + 1. Let h(m) = -3*o(m) + u(m). Is h(-4) a prime number?
False
Suppose -h = r - 2*r - 9, -3*r = h - 13. Suppose 9*s + 2*m = 11*s - h, 0 = -2*s + m + 9. Suppose 3*o = -4*q + 4795, 4*q = 2*o - s*o + 4790. Is q a prime number?
False
Let t(v) = 109*v**3 + 7*v**2 + 11*v + 14. Is t(9) a composite number?
False
Suppose -254459 - 107784 = 7*v - 14*v. Is v a composite number?
False
Is 5/(-15) + -1 - (-6338350)/30 a composite number?
True
Let i(p) = -11*p - 10. Let o(n) = 2*n + 44. Let t be o(-23). Let b be i(t). Suppose b*q + 2*q - 1106 = 0. Is q prime?
True
Suppose a = -4*s + 8 + 13, 5*a - 33 = 4*s. Suppose 0 = -a*n + 11*n - 6. Suppose n*c - c = 1438. Is c composite?
False
Let j(l) = 447*l + 10. Let r(q) = -26*q - 73. Let z be r(-3). Is j(z) a composite number?
True
Let g(u) = 4627*u**2 - 85*u - 931. Is g(-9) prime?
False
Suppose l + 5*s = 24, -l + 5*l = 2*s + 52. Suppose -3*p = l - 23, 8750 = 4*u - 2*p. Is u composite?
True
Let r(b) = -13575*b - 184. Is r(-17) composite?
True
Suppose -15*w = 64 - 19. Is (-10)/(7 + -2) + 1396 - w a composite number?
True
Let d(o) = 3*o - 41. Let v be d(15). Suppose 3*t + 0*m - 2*m = -4228, v*t = 4*m - 5644. Is (t*1 - -7)*(-1 - 0) composite?
False
Suppose -m + 5 + 2 = 2*h, 5*m + 3*h = 42. Is ((-1396)/(-12))/1*m a prime number?
False
Let g(j) = -j**3 + 43*j**2 + 303*j - 117. Is g(28) prime?
False
Let h(w) = -w**3 + 20*w**2 + 1. Let n be h(20). Let r = n - -2. Suppose 8*o - 3*o + r*a - 6590 = 0, -5*o = 2*a - 6585. Is o a composite number?
True
Let b be 1 + -2 + 0 + 11. Suppose -4*g + 602 = 66. Suppose 8*n + g = b*n. Is n a composite number?
False
Let n be ((-27)/6)/(15/(-10)). Suppose 10*o + n*o = 1001. Is o a composite number?
True
Let d(f) = 832*f**2 - 14*f + 70. Let a be d(4). Suppose 13*s - 19*s = -a. Is s a composite number?
False
Let t(d) = 194*d**2 - 14*d + 1. Let z be t(-3). Let m = z - -6. Is m prime?
False
Suppose 3*o = 3*i + 4*o - 13, 0 = 5*i + 3*o - 27. Suppose -2*c = 3*c + 4*r + 12, -c = r + i. Let l(u) = 2*u + 211. Is l(c) a composite number?
False
Suppose 18 = -x + 19. Let q(m) = 13 - 25 + 6 + 689*m. Is q(x) a prime number?
True
Let u be (-117)/45*(-11964 - 1). Let y = u + 2700. Is y a composite number?
False
Suppose 1584*d - 42 = 1583*d. Let x = 33 + -41. Is (-10771)/x - d/112 composite?
True
Let y(s) = 12*s - 8 + 7 - 22*s**3 + 23*s**3 - 2 - s**2. Is y(5) a composite number?
False
Let s(x) = -86*x - 115. Let z(h) = h**3 - 6*h**2 - 11*h + 38. Let j be z(6). Is s(j) prime?
True
Suppose -4*r = 2*k - 86356, 4*k + 86332 = 38*r - 34*r. Is r a prime number?
True
Suppose -28797 = -45*k + 31503. Suppose 899 + 158 = 4*y - w, 5*w = 5*y - k. Is y a prime number?
True
Suppose 0 = 107*z - 23*z - 89555172. Is z prime?
True
Suppose 0 = -3*x + 8*x - 310. Let k = -19 + x. Is k a composite number?
False
Let g be (7705/(-7) - -1)/(3/21). Let r = g - -11393. Is r prime?
False
Let x(f) = f**2 - 38*f + 46. Let r be x(37). Is -142*((-385)/14 + r) a composite number?
True
Is 126/14 - -107815 - 9 prime?
False
Suppose -t + 68118 = -2*y, 12*t - 8*t = -2*y + 272482. Suppose -5*q + 85159 = 2*d, 2*d + t = 4*q + 6*d. Is q prime?
True
Let f = 156695 + -75304. Is f prime?
False
Let m = 34 + -19. Let t be (-54)/(-10) + (-6)/m. Suppose r - t*r = -1180. Is r a composite number?
True
Let n = 3217 - 1417. Let o = 2753 - n. Is o composite?
False
Let t(h) = -35*h**3 - 4*h**2 + 3*h - 8. Let n be t(8). Let d be n/(-6) + 1 + (-10)/6. Suppose -3*p + 2479 = -d. Is p a composite number?
True
Suppose 6*p = -96197 + 555239. Is p prime?
True
Let q = 46781 - 1338. Is q composite?
True
Is (0 - (-13652740)/300)*15 a composite number?
False
Let d(i) = 15*i**3 - 4*i**2 + 8*i + 2. Suppose 8 + 27 = 7*u. Is d(u) prime?
False
Suppose 5*u = -3*y + 23, u + 5*y - 13 = -u. Suppose -12876 - 2016 = -u*c - 2*p, 0 = -3*c + 3*p + 11151. Is c/5 + (-12)/(-15) a prime number?
False
Suppose n - 4*n + 4314 = 0. Suppose 1792 = 3*y + 5*u, -5*u - 923 = -4*y + 1478. Let d = n - y. Is d a composite number?
False
Suppose -2*s + 4*w - 97010 = 0, -2*w = 4 - 0. Let b = -28942 - s. Is b a prime number?
False
Is (2/3)/(31527106/(-1125969) + 28) composite?
False
Let q = 38922 - 9805. Is q prime?
False
Let b(n) = -20319*n**3 + 5*n**2 - 7*n - 8. Is b(-1) composite?
False
Suppose -7*u - 16665 = -23*u + 7927. Is u prime?
False
Suppose 46*q - 45*q = 1368. Let z = q + -505. Is z a prime number?
True
Let b = 210 + -187. Suppose -b*z + 182602 + 7079 = 0. Is z composite?
True
Let u(k) = 2*k**3 - 10*k**2 - 29*k - 20. Suppose 0 = -5*d + 3*r + 60, -7*d + 75 = -3*d + 3*r. Is u(d) composite?
True
Let l(x) = -x - 8. Let r be l(-12). Suppose 3*v - r = -7. Is (1*v)/(20/(-6140)) a composite number?
False
Suppose -5*o + 2*h + 406629 = 0, -11*h + 7 = -12*h. Is o a composite number?
True
Suppose -2 = -12*l + 11*l. Suppose -i + 6*i + 27 = -d, l*i = 5*d. Is 4 + -1*(d - 1) composite?
False
Suppose 13*i = 4*i + 32904.